-x**2 + 7*x + 1. Suppose 2*h - 11 = h + w, 2*h = -4*w - 2. Let z be g(h). Is (-1 - -35) + z + 0 prime?
False
Let g(s) = s**3 - 3*s**2 - 6*s - 5. Let k be g(6). Suppose -u + k = a, -5*a + 8*a = 5*u + 217. Is a a composite number?
True
Suppose 4 - 14 = -5*t. Suppose -v - t*f = 0, -2*v + 9 = -4*f - f. Is (v + -1)/(3/255) a composite number?
True
Let q = 49 - 6. Is q composite?
False
Let n(r) = -r + 7 + 2*r - r + 2*r. Is n(7) a prime number?
False
Suppose -8 = -4*n, -4*p + 6*n + 4762 = 3*n. Let o = -833 + p. Is o composite?
False
Suppose -w - 5223 = -5*y - 3*w, 0 = 5*y + w - 5219. Is y a prime number?
False
Let m(c) = 86*c + 5. Suppose 5*n - 1 = 3*k, 12 = 2*k + 3*n - 0. Is m(k) composite?
False
Let i(q) = -q**2 - 6*q - 2. Let s be i(-4). Suppose s*r - 10 = r. Is r + -1 - (-18)/1 prime?
True
Suppose 5*o + 5*q = -105, -2*q - 76 = 4*o - 6*q. Let u = o - -97. Is u composite?
True
Let c = 2041 + -824. Is c a composite number?
False
Let p be 2 + 1/(-1) - -2. Suppose -4*c = -4*y - 156, 0*y - 4*y + 89 = p*c. Is c prime?
False
Let h(s) = 3*s**2 + 2*s - 3. Is h(-5) a prime number?
False
Let r(g) = 14*g**2 - 2*g + 19. Is r(-7) composite?
False
Let q = -6 + 165. Suppose 0 = -4*l + 101 + q. Is l a composite number?
True
Suppose -5*d = -12*d + 861. Is d composite?
True
Let w = 479 - 255. Let t = 56 - w. Let k = t + 251. Is k a prime number?
True
Let u(w) = -w + 11. Let r be u(6). Suppose -2*s + 228 = 2*s + 4*p, -s = r*p - 73. Suppose g = -0*g + s. Is g a prime number?
True
Let q(y) be the third derivative of 4*y**5/15 + y**4/8 + y**3/2 - 2*y**2. Let i be q(-2). Let f = -26 + i. Is f a prime number?
False
Let z = -1 - -2. Let g(o) = 229*o**3 + 2*o**2 - o. Let t be g(z). Suppose -n + 95 = 5*f - t, 4*n + 195 = 3*f. Is f a composite number?
True
Let l = -1415 + 2454. Is l a composite number?
False
Suppose -7*x = -2*k - 2*x + 93, 2*k - 53 = -3*x. Is k composite?
True
Suppose 6*y - 54 = 276. Is y a prime number?
False
Let o(d) = 5*d**2 + 3*d + 1. Suppose -12 = f + 2*f. Is o(f) a composite number?
True
Is (-8)/(-60) + (-4826)/(-30) composite?
True
Let u be (-6)/10 + 561/(-15). Let b = u + 59. Is b a composite number?
True
Let f(l) = 6*l**2 - 9*l + 4. Let o be f(8). Suppose 5*r - o = r. Is r a composite number?
False
Let b(s) = s**3 - s**2 - 4*s + 2. Let t be b(-3). Let l = 6 - 12. Is (-3546)/t + l/33 a composite number?
True
Let d(b) = -b**3 + 4*b**2 + 6*b + 5. Let g be d(5). Suppose g = -3*i + 1. Is 2 + (2 - i*41) prime?
True
Let y(w) = -6*w + 5. Let g be y(10). Let o = 134 + g. Is o prime?
True
Let s(r) = 13*r**2 + 6*r + 10. Is s(-11) composite?
True
Suppose 8*h - 3*h - 2235 = 0. Is h prime?
False
Suppose -2*g + 4 + 6 = 0. Suppose -107 = -g*s + 958. Is s composite?
True
Let b = 528 - -45. Is b composite?
True
Suppose 17 = 4*l + 5. Suppose -l*y - 2*y = -555. Is y prime?
False
Suppose -3*s - 15172 = -7*s + q, -3*s + 11379 = -4*q. Is s prime?
True
Let a(g) = -33*g**2 - 3*g + 31*g**2 - 3 + 0*g**3 - g**3. Let q be a(-2). Suppose 0 = -q*w - 2*w + 465. Is w prime?
False
Let d be ((-27)/6 - -4)*-4. Let f(r) = 21*r - 3. Let k be f(4). Suppose -g + k = t, 2*g = d*t - 43 - 127. Is t a prime number?
True
Let k(p) = 2*p - 6. Let y = -8 + 13. Let m be k(y). Suppose -m*r = 2*u + u - 283, -5 = -u. Is r composite?
False
Let p(f) = -f**3 - 4*f + 58. Is p(0) a composite number?
True
Suppose 0 = h - 4*h - 3*p + 21, -h - 4*p = -22. Let g be (h - 4/(-2))*2. Suppose -3*o = g*u - 3*u - 242, -193 = -2*o + 3*u. Is o a composite number?
False
Suppose 0 = -4*x + a + 5, -x + 2 = -2*x - 3*a. Let z be (0 - (-3 - x))*41. Suppose 0 = 3*h + h - 4*u - z, h - 53 = 4*u. Is h prime?
True
Let h(k) = -98*k + 4. Let l be h(-3). Suppose 0 = -6*d + 8*d - l. Is d a composite number?
False
Let g be 10/4 + 5/10. Suppose -6*f + 3*f = -g. Let c = 66 + f. Is c prime?
True
Let t(d) = -d + 65. Suppose 11 = 5*s - 5*w - 4, -w - 3 = 0. Is t(s) a prime number?
False
Let v = 1358 - 1912. Is v/(-10) + 6/(-15) a composite number?
True
Is -1*(1435/14)/(1/(-2)) a composite number?
True
Suppose -540 = -5*z + 3295. Is z composite?
True
Suppose 0 = -7*l + 3*l + 596. Is l a composite number?
False
Suppose -3*i + 4*l + 576 = i, -283 = -2*i + 3*l. Is i composite?
False
Let w(o) = o**3 + 5*o**2 + 3*o + 1. Let p be w(-5). Is 662/14 + 4/p a prime number?
True
Let u = 3332 + -1773. Is u composite?
False
Let d(g) = -17*g + 1. Let k be d(-2). Suppose 0*x = 5*x - k. Is x a prime number?
True
Suppose -p = -4*p + 1401. Is p a composite number?
False
Let z(v) = 22*v - 32. Let u(n) = 7*n - 11. Let k(b) = -11*u(b) + 4*z(b). Let q be k(-8). Let l = -60 - q. Is l a composite number?
True
Let t = 11 + -41. Let h be 14/(-1) - 2/2. Let l = h - t. Is l prime?
False
Let q(z) = 556*z + 39. Is q(5) a composite number?
False
Suppose -33*l = -28*l - 8285. Is l a prime number?
True
Suppose -4*t + 6*t + 5*h = 7237, -t + 3*h + 3646 = 0. Is t a composite number?
False
Let c(w) = w + 2. Let g be c(2). Suppose -4*v + 2*q = -97 - 79, 3*v = -g*q + 154. Is v a prime number?
False
Suppose -3*q = -4*q. Is (q - (-1 - -18))*-13 a prime number?
False
Suppose 4*r - 2*x + 0*x = 2294, 5*x + 2309 = 4*r. Is r prime?
True
Suppose 5*s + 5*k = 45, k + 0 + 12 = 2*s. Is s a composite number?
False
Suppose 6 = 2*u, 0 = 5*i - 2*i + u - 7596. Is i a prime number?
True
Let o = -10 - -12. Suppose o*q = 4*z - 806, 0 = 3*z + 2*q - 429 - 186. Is z a prime number?
False
Let i = 14 + -10. Suppose y = -5*c + 164, -i*y - 5*c = -473 - 138. Is y a prime number?
True
Let k(u) = -u**2 - 10*u + 14. Let m be k(-11). Suppose m*p + x - 311 = -p, 4*x = -4*p + 320. Is p composite?
True
Suppose 0 = 2*s + 6, 2*s + 21 + 1 = 4*u. Suppose -2*d = 3*h - 69, 2*d - 15 = -h + u*d. Is h prime?
False
Let k be 0 + 137 + (2 - -1). Let g = k - 87. Is g prime?
True
Suppose -2 = -5*m - 2*s, 3*s - 7*s - 24 = -4*m. Is (1 - -1)*95/m composite?
True
Let v(p) = -3*p**2 - 4*p + 5. Let m be v(-6). Let x = -10 - m. Is x a prime number?
False
Let l(v) = v**2 + v - 30. Let b = -6 - -6. Let z be l(b). Let u = z + 44. Is u a prime number?
False
Let a be (-74)/(-4)*(4 + -2). Suppose a - 555 = -2*r. Is r a composite number?
True
Let r = -229 - -360. Is r prime?
True
Suppose 423 = 4*k - 3*k. Suppose -2*l + 5*s + k = 0, 2*s - 184 = -l - s. Is l prime?
True
Suppose 0 = 5*x + 1310 - 6225. Is x a prime number?
True
Let n(b) = -b**3 + 7*b**2 - 5*b - 2. Let p be n(6). Suppose -p*x - 62 + 370 = 0. Is x prime?
False
Let c(v) = 3 - 3*v - 3*v - 6 + 4*v. Is c(-5) a composite number?
False
Let w be ((-3)/(-2))/((-1)/(-2)). Suppose 13 = -w*m - 5. Is 290/6 + m/(-9) prime?
False
Let n(v) be the second derivative of v**6/180 + v**5/60 + v**4/8 + v**3/6 + 2*v. Let a(j) be the second derivative of n(j). Is a(-2) composite?
False
Let r(j) = -j**2 + 7*j - 8. Let i be r(6). Let a be (-2)/(-3)*(-477)/i. Suppose 2*h = 4, -2*k - k + 3*h + a = 0. Is k a composite number?
True
Suppose -2*i - i + 114 = 0. Let s = i + 77. Is s a prime number?
False
Let q(u) = 12*u**2 + 4*u - 2. Let j be q(4). Let c = -123 + j. Is c composite?
False
Let s = 14 - -12. Is s a composite number?
True
Is -2*5/(-20) - 891/(-6) composite?
False
Suppose 3*v - h = -44 - 23, -4*v + h - 91 = 0. Let c = -3 - v. Is c a composite number?
True
Let z be 122/6 + (-6)/(-9). Let w(g) = -2*g + 8. Let a be w(-7). Let j = z + a. Is j composite?
False
Suppose -2*t + 375 = 3*t. Suppose -t + 15 = -4*j. Is j a composite number?
True
Suppose 277 = 2*a - 513. Is a composite?
True
Suppose 0 = -2*n - 4*a + 442, 4*n - 1085 = -n - 5*a. Is (-3)/12 + n/4 prime?
True
Suppose 0 = f + f + 2. Let j(q) = 10*q**2 + q + 1. Is j(f) prime?
False
Let q(v) = -v**3 + 7*v**2 - 3*v. Let u be q(7). Let l = 12 - u. Is l prime?
False
Let w = -10 - -9. Is w/4 + (-2535)/(-12) composite?
False
Let z = -2 - -3. Let r be 36*((-1)/(-2) + 3). Is z/(-5) + r/5 prime?
False
Suppose -2*c + 21 = -c. Suppose c + 17 = 2*k. Is k prime?
True
Suppose 3*n = 2*n + 103. Suppose -3*k = n - 532. Is k a composite number?
True
Let j(m) be the second derivative of 37*m**3/6 + 2*m**2 + 3*m. Let c be j(5). Let t = -127 + c. Is t a prime number?
False
Suppose 6*z = 2*z - 4*h + 2480, 3*h - 3106 = -5*z. Is z a composite number?
True
Let a(h) = 83*h**2 - 2*h - 3. Let x be a(-2). Suppose -s - 2*s + x = 0. Is s a composite number?
True
Is (-1779)/(-12)